 = -m**3 - 180*m**2 - 7103*m + 4295. Determine x(-121).
-61
Let t(l) = 1653*l - 69209. Determine t(43).
1870
Let f(l) = 3*l**2 + 2826*l - 20033. What is f(7)?
-104
Let s(f) = 10952*f + 76287. What is s(-7)?
-377
Let j(k) = 5*k**2 - 887*k + 19546. Determine j(26).
-136
Let t(o) = -17*o**3 - 29*o**2 + 468*o + 89. Determine t(-6).
-91
Let c(j) = 7136355*j - 49954490. Give c(7).
-5
Let x(d) = 8*d**3 - 8224*d**2 - 49636*d + 4114. Determine x(1034).
-22
Let i(r) = -671*r - 15440. What is i(-23)?
-7
Let l(j) = 5*j**2 - 1067*j - 25881. Determine l(-22).
13
Let n(a) = -a**3 + 14*a**2 + 27*a + 1026. Determine n(20).
-834
Let g(w) = -5*w**2 - 9608*w + 67500. What is g(7)?
-1
Let h(d) = -d**2 - 29*d - 289. Give h(-5).
-169
Let b(j) = j**3 - 18*j**2 + 19*j - 136. What is b(17)?
-102
Let b(m) = -m**2 - 319*m - 5480. Determine b(-19).
220
Let l(v) = -580*v - 618. Give l(3).
-2358
Let c(p) = 76831*p - 1459729. What is c(19)?
60
Let j(p) = -18*p**2 + 427*p + 7786. Determine j(-12).
70
Let b(a) = 22*a**3 - 2*a**2 + 264*a - 1314. Determine b(5).
2706
Let t(x) = x**3 + 9*x**2 - 104*x - 1726. Calculate t(-15).
-1516
Let c(j) = -j**2 - 25090*j + 829062. What is c(33)?
3
Let b(t) = -8*t**3 + 270*t**2 - 198*t - 87. Give b(33).
-87
Let d(x) = 4*x**2 + 30*x - 63702. What is d(-130)?
-2
Let g(l) = 2*l**3 + 79*l**2 - 559*l - 25. Determine g(6).
-103
Let v(m) = 170*m**3 - 6*m**2 + 190*m + 385. Determine v(-2).
-1379
Let b(w) = w**3 + 35*w**2 - 220*w - 4094. Calculate b(-38).
-66
Let w(q) = 2*q**3 - 49*q**2 + 288*q - 44. Calculate w(17).
517
Let u(p) = -5118*p + 153522. What is u(30)?
-18
Let a(f) = -8*f**3 - 97*f**2 + 300*f - 3. What is a(3)?
-192
Let l(d) = 165*d**2 - 659*d - 75. What is l(4)?
-71
Let j(q) = 355*q + 34806. Calculate j(-98).
16
Let a(z) = -77*z**2 - 34*z + 38. Calculate a(1).
-73
Let m(g) = -g**2 - 297*g - 10502. Give m(-46).
1044
Let k(d) = 146*d + 1781. Calculate k(-3).
1343
Let y(z) = z**3 + 2462*z**2 + 17182*z + 1. Give y(-7).
22
Let b(w) = -211*w**3 + 10*w**2 + 44*w - 4. Calculate b(0).
-4
Let l(o) = -3*o**3 - 191*o**2 + 43*o + 180. Give l(-64).
1524
Let j(r) = -13*r**3 + 3016*r**2 + 2*r - 470. Calculate j(232).
-6
Let o(y) = -3*y**2 + 46*y + 12981. Give o(77).
-1264
Let r(m) = -1379038*m + 8274259. What is r(6)?
31
Let l(f) = -6115*f + 262868. Give l(43).
-77
Let x(q) = -29*q**2 - 598*q - 1. What is x(2)?
-1313
Let f(p) = -336*p**3 - p**2 + 38*p - 36. Determine f(1).
-335
Let l(u) = 2*u**2 + 673*u + 55280. Give l(-194).
-10
Let o(y) = y**3 + 11*y**2 - 39*y - 364. Give o(0).
-364
Let k(h) = -5375*h + 166593. What is k(31)?
-32
Let f(a) = 15*a**2 + 214*a - 218. Determine f(-14).
-274
Let y(u) = -11*u**3 + 200*u**2 + 5652*u - 102376. Calculate y(18).
8
Let k(m) = 41*m**3 - 1810*m**2 - 1577*m + 312. Give k(45).
222
Let b(k) = 4616*k - 9398. Calculate b(2).
-166
Let v(g) = g**3 + 60*g**2 + 943*g + 5712. Give v(-40).
-8
Let h(m) = 2*m**2 - 628*m - 4483. Calculate h(321).
11
Let v(g) = -4*g**3 + 381*g**2 + 675*g + 398. Calculate v(97).
10
Let s(r) = 84101*r + 11017223. Determine s(-131).
-8
Let y(f) = 1224*f + 129742. Determine y(-106).
-2
Let k(m) = m**2 + 1832*m + 18230. What is k(-10)?
10
Let t(y) = -y**2 + 2575*y - 113851. Determine t(45).
-1
Let t(a) = -138*a + 6295. Give t(45).
85
Let n(k) = -691*k + 14560. Calculate n(24).
-2024
Let p(l) = 17*l**3 - 28*l**2 - 227*l - 490. Calculate p(-3).
-520
Let r(u) = -17*u**3 + 209*u**2 - 101*u + 470. Give r(12).
-22
Let t(j) = 21*j**3 + j**2 - 95*j - 95. What is t(-1)?
-20
Let g(s) = -202*s - 2390. Calculate g(-23).
2256
Let d(c) = c**3 + 95*c**2 - 295*c + 517. Determine d(-98).
615
Let s(q) = -166855*q - 667411. Calculate s(-4).
9
Let s(l) = -l**3 - 157*l**2 + 162*l + 727. Calculate s(-158).
95
Let a(u) = -u**3 - 753*u**2 + 7313*u + 346712. What is a(-762)?
2
Let j(w) = 1897*w - 333585. Calculate j(176).
287
Let r(y) = -19*y**2 + 1892*y - 426. What is r(99)?
663
Let w(r) = -2*r**3 + 11*r**2 + 99*r - 402. Give w(4).
42
Let d(g) = 21171*g - 190460. Give d(9).
79
Let m(w) = 10*w**3 - 1224*w**2 + 498*w - 1206. Give m(122).
14
Let u(m) = 5*m**2 + 4106*m + 12319. Calculate u(-3).
46
Let q(i) = -6*i**3 - 5*i**2 + 19*i + 53. Determine q(-4).
281
Let c(r) = -r**2 - 21*r - 58. Calculate c(-17).
10
Let v(j) = 17*j**2 + 353*j + 203. Determine v(-18).
-643
Let x(s) = -23*s**3 - 207*s**2 + 220*s - 11. Calculate x(1).
-21
Let b(s) = 136*s**3 - s**2 + 146*s - 643. Determine b(4).
8629
Let j(h) = 26*h**3 + 645*h**2 - 130*h - 142. What is j(-25)?
-17
Let v(b) = 46*b**3 - 693*b**2 + 64*b - 308. Give v(15).
-23
Let z(p) = -824826*p + 4124120. Calculate z(5).
-10
Let n(a) = -6*a**3 + 35*a**2 + 3*a + 3. Determine n(5).
143
Let u(w) = w**3 - 32*w**2 - 20*w + 2776. Give u(29).
-327
Let p(o) = 4055*o + 633099. Give p(-156).
519
Let r(w) = 28*w**3 - 52*w**2 + 523*w - 514. What is r(1)?
-15
Let c(k) = -2*k**2 - 55*k - 447. Determine c(-29).
-534
Let d(m) = -1384*m - 853931. What is d(-617)?
-3
Let l(m) = -m**2 - 227*m - 12992. Give l(-120).
-152
Let x(f) = 1022*f - 12767. Determine x(11).
-1525
Let k(d) = -2*d**3 + 14*d**2 - 58*d + 171. Give k(8).
-421
Let v(i) = 1456*i + 346. Calculate v(1).
1802
Let y(n) = n**3 - 9*n**2 - 16497*n - 591. Determine y(-124).
29
Let z(k) = 911*k + 17446. Determine z(-18).
1048
Let c(q) = -7*q**2 + 677*q + 3540. Give c(-5).
-20
Let v(p) = -6*p**3 - 1292*p**2 - 2977*p + 985. Give v(-213).
-80
Let t(p) = -7*p**3 + 30*p**2 + 54*p - 271. Calculate t(4).
-23
Let g(w) = -10631*w + 2625850. Calculate g(247).
-7
Let j(z) = -2*z**2 + 1580*z - 179927. What is j(652)?
25
Let g(t) = t**2 - 144*t - 1329. Calculate g(154).
211
Let c(j) = -3*j**3 - 30*j**2 - 231*j - 2129. What is c(-9)?
-293
Let m(j) = 4329*j + 30320. What is m(-7)?
17
Let t(d) = -d**3 + 16*d**2 + 107*d - 114. Give t(-8).
566
Let k(b) = 294922*b + 1179678. Calculate k(-4).
-10
Let r(i) = -3*i**3 - 2*i**2 - 762*i - 2337. Give r(-3).
12
Let i(y) = y**3 - 99*y**2 + 453*y + 1610. Determine i(94).
12
Let f(z) = -387*z**2 - 214788*z - 1676. Calculate f(-555).
-11
Let y(t) = t**2 - 712*t + 56556. Give y(91).
45
Let k(x) = 2737*x - 2200554. Give k(804).
-6
Let r(n) = -894*n + 744701. Determine r(833).
-1
Let b(d) = -6*d**3 - 1654*d**2 + 2483*d + 73939. Calculate b(-277).
-20
Let p(o) = 5412*o + 579099. What is p(-107)?
15
Let j(m) = 55977*m - 335839. Calculate j(6).
23
Let t(s) = 300*s**2 + 5384*s - 266. Give t(-18).
22
Let r(c) = 8*c**2 + 1427*c - 12914. Give r(-187).
-11
Let p(b) = -31409*b - 62819. Give p(-2).
-1
Let r(l) = 4499*l - 85458. Give r(19).
23
Let w(q) = -7*q**2 + 1850*q + 29339. Give w(-15).
14
Let g(b) = 2*b**2 - 1615*b - 216319. What is g(-117)?
14
Let g(k) = -8453*k + 6415835. Calculate g(759).
8
Let r(k) = 36*k**2 - 858*k - 51. Determine r(24).
93
Let v(m) = -102891*m - 1131785. What is v(-11)?
16
Let x(v) = -83*v + 3712. Calculate x(40).
392
Let g(m) = -236*m**2 - 1065*m + 587. Determine g(-5).
12
Let y(j) = -2*j**3 - 558*j**2 - 583*j - 7168. What is y(-278)?
338
Let u(x) = -x**2 + 54*x + 301. Give u(-5).
6
Let y(x) = -2*x**3 - 112*x**2 + 120*x + 287. What is y(-57)?
-55
Let q(j) = j**3 - 273*j**2 + 2911*j - 7588. Give q(262).
10
Let m(w) = -w**3 + 108*w**2 - 143*w + 15449. Calculate m(108).
5
Let z(a) = 28899*a + 1011403. What is z(-35)?
-62
Let p(s) = -s**3 - 69*s**2 + 181*s + 7783. Determine p(-70).
13
Let t(s) = 7098*s - 340615. Give t(48).
89
Let p(i) = 6815*i - 122681. Give p(18).
-11
Let q(t) = -t**3 + 21*t**2 + 2833*t - 57087. Determine q(20).
-27
Let f(h) = -1876*h + 690396. Calculate f(368).
28
Let y(x) = -90429*x + 542576. What is y(6)?
2
Let d(j) = 24*j**3 - 376*j**2 - 179*j + 41. Determine d(16).
-775
Let u(f) = -4854*f + 1009625. Calculate u(208).
-7
Let b(l) = -l**2 + 35*l + 141. Calculate b(-17).
-743
Let s(c) = -91*c**2 - 3885*c + 1211. Determine s(-43).
7
Let c(b) = 255*b**3 + 133*b**2 + 389*b - 4. What is c(-3)?
-6859
Let k(b) = 3695*b + 395358. What is k(-107)?
-7
Let p(v) = 6*v**2 + 618*v + 6000. Give p(-11).
-72
Let m(u) = -11792*u - 70149. What is m(-6)?
603
Let d(j) = -27232*j + 4928855. Calculate d(181).
-137
Let y(f) = -9*f**3 - 2*f**2 - 86*f - 170. Determine y(-2).
66
Let n(m) = 1409*m + 560. Give n(-2).
-2258
Let t(x) = x**3 - 309*x**2 + 193*x + 35844. Determine t(308).
424
Let p(u) = 208*u**2 - 5438*u - 4800.